[INFO] cloning repository https://github.com/EloD10/todorocket
[INFO] running `Command { std: "git" "-c" "credential.helper=" "-c" "credential.helper=/workspace/cargo-home/bin/git-credential-null" "clone" "--bare" "https://github.com/EloD10/todorocket" "/workspace/cache/git-repos/https%3A%2F%2Fgithub.com%2FEloD10%2Ftodorocket", kill_on_drop: false }`
[INFO] [stderr] Cloning into bare repository '/workspace/cache/git-repos/https%3A%2F%2Fgithub.com%2FEloD10%2Ftodorocket'...
[INFO] running `Command { std: "git" "rev-parse" "HEAD", kill_on_drop: false }`
[INFO] [stdout] b9572e99416d9498c94ef6b6b903cc1aa3f92b6d
[INFO] checking EloD10/todorocket against master#cfbc6d4cf1acbac5c025acf8ed68929caa551df3 for pr-75494-beta
[INFO] running `Command { std: "git" "clone" "/workspace/cache/git-repos/https%3A%2F%2Fgithub.com%2FEloD10%2Ftodorocket" "/workspace/builds/worker-5/source", kill_on_drop: false }`
[INFO] [stderr] Cloning into '/workspace/builds/worker-5/source'...
[INFO] [stderr] done.
[INFO] validating manifest of git repo https://github.com/EloD10/todorocket on toolchain cfbc6d4cf1acbac5c025acf8ed68929caa551df3
[INFO] running `Command { std: "/workspace/cargo-home/bin/cargo" "+cfbc6d4cf1acbac5c025acf8ed68929caa551df3" "read-manifest" "--manifest-path" "Cargo.toml", kill_on_drop: false }`
[INFO] started tweaking git repo https://github.com/EloD10/todorocket
[INFO] finished tweaking git repo https://github.com/EloD10/todorocket
[INFO] tweaked toml for git repo https://github.com/EloD10/todorocket written to /workspace/builds/worker-5/source/Cargo.toml
[INFO] crate git repo https://github.com/EloD10/todorocket already has a lockfile, it will not be regenerated
[INFO] running `Command { std: "/workspace/cargo-home/bin/cargo" "+cfbc6d4cf1acbac5c025acf8ed68929caa551df3" "fetch" "--locked" "--manifest-path" "Cargo.toml", kill_on_drop: false }`
[INFO] [stderr]     Updating git repository `https://github.com/SergioBenitez/Rocket.git`
[INFO] [stderr]     Updating git repository `http://github.com/SergioBenitez/Pear`
[INFO] [stderr]     Updating git repository `https://github.com/SergioBenitez/derive-utils`
[INFO] [stderr]  Downloading crates ...
[INFO] [stderr]   Downloaded smallvec v0.6.4
[INFO] [stderr]   Downloaded r2d2 v0.8.2
[INFO] [stderr]   Downloaded error-chain v0.12.0
[INFO] [stderr]   Downloaded filetime v0.1.15
[INFO] [stderr]   Downloaded isatty v0.1.8
[INFO] [stderr]   Downloaded same-file v1.0.2
[INFO] [stderr]   Downloaded log v0.4.4
[INFO] [stderr]   Downloaded unic-segment v0.7.0
[INFO] [stderr]   Downloaded slug v0.1.3
[INFO] [stderr]   Downloaded inotify v0.3.0
[INFO] [stderr]   Downloaded scheduled-thread-pool v0.2.0
[INFO] [stderr]   Downloaded notify v4.0.4
[INFO] [stderr]   Downloaded parking_lot v0.6.3
[INFO] [stderr]   Downloaded slab v0.1.3
[INFO] [stderr]   Downloaded mio v0.5.1
[INFO] [stderr]   Downloaded fsevent-sys v0.1.6
[INFO] [stderr]   Downloaded miow v0.1.5
[INFO] [stderr]   Downloaded byteorder v1.2.4
[INFO] [stderr]   Downloaded fsevent v0.2.17
[INFO] [stderr]   Downloaded bitflags v0.4.0
[INFO] [stderr]   Downloaded unidecode v0.3.0
[INFO] [stderr]   Downloaded nix v0.5.1
[INFO] [stderr]   Downloaded proc-macro2 v0.4.13
[INFO] [stderr]   Downloaded bytes v0.3.0
[INFO] [stderr]   Downloaded unic-ucd-segment v0.7.0
[INFO] [stderr]   Downloaded vcpkg v0.2.5
[INFO] [stderr]   Downloaded pest v1.0.6
[INFO] [stderr]   Downloaded pest_derive v1.0.8
[INFO] [stderr]   Downloaded walkdir v2.2.0
[INFO] [stderr]   Downloaded tera v0.11.12
[INFO] running `Command { std: "docker" "create" "-v" "/var/lib/crater-agent-workspace/builds/worker-5/target:/opt/rustwide/target:rw,Z" "-v" "/var/lib/crater-agent-workspace/builds/worker-5/source:/opt/rustwide/workdir:ro,Z" "-v" "/var/lib/crater-agent-workspace/cargo-home:/opt/rustwide/cargo-home:ro,Z" "-v" "/var/lib/crater-agent-workspace/rustup-home:/opt/rustwide/rustup-home:ro,Z" "-e" "SOURCE_DIR=/opt/rustwide/workdir" "-e" "CARGO_TARGET_DIR=/opt/rustwide/target" "-e" "CARGO_HOME=/opt/rustwide/cargo-home" "-e" "RUSTUP_HOME=/opt/rustwide/rustup-home" "-w" "/opt/rustwide/workdir" "-m" "1610612736" "--user" "0:0" "--network" "none" "rustops/crates-build-env@sha256:a636fd89d022f18117e1dc8fb37a0a009933cdbbe082814857f0e2024962d47c" "/opt/rustwide/cargo-home/bin/cargo" "+cfbc6d4cf1acbac5c025acf8ed68929caa551df3" "metadata" "--no-deps" "--format-version=1", kill_on_drop: false }`
[INFO] [stdout] b532c89f1878fdd37cea3f9fa5753c36a9f70b266ae15f3ad0bff7e8ccf9ad13
[INFO] [stderr] WARNING: Your kernel does not support swap limit capabilities or the cgroup is not mounted. Memory limited without swap.
[INFO] running `Command { std: "docker" "start" "-a" "b532c89f1878fdd37cea3f9fa5753c36a9f70b266ae15f3ad0bff7e8ccf9ad13", kill_on_drop: false }`
[INFO] running `Command { std: "docker" "inspect" "b532c89f1878fdd37cea3f9fa5753c36a9f70b266ae15f3ad0bff7e8ccf9ad13", kill_on_drop: false }`
[INFO] running `Command { std: "docker" "rm" "-f" "b532c89f1878fdd37cea3f9fa5753c36a9f70b266ae15f3ad0bff7e8ccf9ad13", kill_on_drop: false }`
[INFO] [stdout] b532c89f1878fdd37cea3f9fa5753c36a9f70b266ae15f3ad0bff7e8ccf9ad13
[INFO] running `Command { std: "docker" "create" "-v" "/var/lib/crater-agent-workspace/builds/worker-5/target:/opt/rustwide/target:rw,Z" "-v" "/var/lib/crater-agent-workspace/builds/worker-5/source:/opt/rustwide/workdir:ro,Z" "-v" "/var/lib/crater-agent-workspace/cargo-home:/opt/rustwide/cargo-home:ro,Z" "-v" "/var/lib/crater-agent-workspace/rustup-home:/opt/rustwide/rustup-home:ro,Z" "-e" "SOURCE_DIR=/opt/rustwide/workdir" "-e" "CARGO_TARGET_DIR=/opt/rustwide/target" "-e" "CARGO_INCREMENTAL=0" "-e" "RUST_BACKTRACE=full" "-e" "RUSTFLAGS=--cap-lints=forbid" "-e" "CARGO_HOME=/opt/rustwide/cargo-home" "-e" "RUSTUP_HOME=/opt/rustwide/rustup-home" "-w" "/opt/rustwide/workdir" "-m" "1610612736" "--user" "0:0" "--network" "none" "rustops/crates-build-env@sha256:a636fd89d022f18117e1dc8fb37a0a009933cdbbe082814857f0e2024962d47c" "/opt/rustwide/cargo-home/bin/cargo" "+cfbc6d4cf1acbac5c025acf8ed68929caa551df3" "check" "--frozen" "--all" "--all-targets" "--message-format=json", kill_on_drop: false }`
[INFO] [stdout] 1f6ac6212fe4b266ef16c6d4cdf794e3b28c649e1b8ade7345919686bad978ad
[INFO] [stderr] WARNING: Your kernel does not support swap limit capabilities or the cgroup is not mounted. Memory limited without swap.
[INFO] running `Command { std: "docker" "start" "-a" "1f6ac6212fe4b266ef16c6d4cdf794e3b28c649e1b8ade7345919686bad978ad", kill_on_drop: false }`
[INFO] [stderr]    Compiling version_check v0.1.4
[INFO] [stderr]    Compiling proc-macro2 v0.4.13
[INFO] [stderr]    Compiling cc v1.0.18
[INFO] [stderr]     Checking cfg-if v0.1.5
[INFO] [stderr]    Compiling httparse v1.3.2
[INFO] [stderr]    Compiling matches v0.1.7
[INFO] [stderr]    Compiling libc v0.2.43
[INFO] [stderr]    Compiling unicode-normalization v0.1.7
[INFO] [stderr]    Compiling byteorder v1.2.4
[INFO] [stderr]    Compiling serde v1.0.71
[INFO] [stderr]    Compiling bitflags v1.0.3
[INFO] [stderr]    Compiling num-traits v0.2.5
[INFO] [stderr]    Compiling ryu v0.2.3
[INFO] [stderr]    Compiling num-integer v0.1.39
[INFO] [stderr]    Compiling indexmap v1.0.1
[INFO] [stderr]    Compiling regex v1.0.2
[INFO] [stderr]     Checking bitflags v0.4.0
[INFO] [stderr]    Compiling pq-sys v0.4.6
[INFO] [stderr]     Checking slab v0.1.3
[INFO] [stderr]     Checking bytes v0.3.0
[INFO] [stderr]     Checking unidecode v0.3.0
[INFO] [stderr]     Checking same-file v1.0.2
[INFO] [stderr]    Compiling pest v1.0.6
[INFO] [stderr]     Checking stable_deref_trait v1.1.1
[INFO] [stderr]     Checking glob v0.2.11
[INFO] [stderr]     Checking humansize v1.1.0
[INFO] [stderr]     Checking yansi v0.4.0
[INFO] [stderr]    Compiling ws2_32-sys v0.2.1
[INFO] [stderr]     Checking memchr v2.0.1
[INFO] [stderr]    Compiling proc-macro2 v0.3.8
[INFO] [stderr]     Checking isatty v0.1.8
[INFO] [stderr]     Checking inotify v0.3.0
[INFO] [stderr]     Checking unicode-bidi v0.3.4
[INFO] [stderr]     Checking log v0.4.4
[INFO] [stderr]     Checking net2 v0.2.33
[INFO] [stderr]     Checking filetime v0.1.15
[INFO] [stderr]     Checking base64 v0.9.2
[INFO] [stderr]     Checking base64 v0.6.0
[INFO] [stderr]     Checking scheduled-thread-pool v0.2.0
[INFO] [stderr]     Checking regex-syntax v0.6.2
[INFO] [stderr]     Checking nix v0.5.1
[INFO] [stderr]     Checking walkdir v2.2.0
[INFO] [stderr]     Checking owning_ref v0.3.3
[INFO] [stderr]     Checking rand v0.5.5
[INFO] [stderr]    Compiling time v0.1.40
[INFO] [stderr]    Compiling num_cpus v1.8.0
[INFO] [stderr]    Compiling lazy_static v1.1.0
[INFO] [stderr]    Compiling unicase v1.4.2
[INFO] [stderr]    Compiling pear_codegen v0.1.0 (http://github.com/SergioBenitez/Pear?rev=b475140#b4751403)
[INFO] [stderr]    Compiling rocket v0.4.0-dev (https://github.com/SergioBenitez/Rocket.git#46da03c3)
[INFO] [stderr]    Compiling rocket_codegen v0.4.0-dev (https://github.com/SergioBenitez/Rocket.git#46da03c3)
[INFO] [stderr]     Checking aho-corasick v0.6.6
[INFO] [stderr]    Compiling smallvec v0.6.4
[INFO] [stderr]    Compiling syn v0.11.11
[INFO] [stderr]     Checking unic-ucd-segment v0.7.0
[INFO] [stderr]     Checking log v0.3.9
[INFO] [stderr]     Checking idna v0.1.5
[INFO] [stdout] error[E0554]: `#![feature]` may not be used on the beta release channel
[INFO] [stdout]   --> /opt/rustwide/cargo-home/registry/src/github.com-1ecc6299db9ec823/proc-macro2-0.4.13/src/lib.rs:49:5
[INFO] [stdout]    |
[INFO] [stdout] 49 |     feature(proc_macro_raw_ident, proc_macro_span)
[INFO] [stdout]    |     ^^^^^^^^^^^^^^^^^^^^^^^^^^^^^^^^^^^^^^^^^^^^^^
[INFO] [stdout] 
[INFO] [stdout] 
[INFO] [stderr]     Checking r2d2 v0.8.2
[INFO] [stderr]     Checking lock_api v0.1.3
[INFO] [stderr]    Compiling quote v0.5.2
[INFO] [stdout] error[E0658]: use of unstable library feature 'proc_macro_def_site'
[INFO] [stdout]    --> /opt/rustwide/cargo-home/registry/src/github.com-1ecc6299db9ec823/proc-macro2-0.4.13/src/unstable.rs:359:27
[INFO] [stdout]     |
[INFO] [stdout] 359 |             Span::Nightly(proc_macro::Span::def_site())
[INFO] [stdout]     |                           ^^^^^^^^^^^^^^^^^^^^^^^^^^
[INFO] [stdout]     |
[INFO] [stdout]     = note: see issue #54724 <https://github.com/rust-lang/rust/issues/54724> for more information
[INFO] [stdout] 
[INFO] [stdout] 
[INFO] [stdout] error: aborting due to 2 previous errors
[INFO] [stdout] 
[INFO] [stdout] 
[INFO] [stdout] Some errors have detailed explanations: E0554, E0658.
[INFO] [stdout] 
[INFO] [stdout] For more information about an error, try `rustc --explain E0554`.
[INFO] [stdout] 
[INFO] [stderr] error: could not compile `proc-macro2`.
[INFO] [stderr] 
[INFO] [stderr] To learn more, run the command again with --verbose.
[INFO] [stderr] warning: build failed, waiting for other jobs to finish...
[INFO] [stdout] error[E0554]: `#![feature]` may not be used on the beta release channel
[INFO] [stdout]   --> /opt/rustwide/cargo-home/registry/src/github.com-1ecc6299db9ec823/lock_api-0.1.3/src/lib.rs:85:34
[INFO] [stdout]    |
[INFO] [stdout] 85 | #![cfg_attr(feature = "nightly", feature(const_fn))]
[INFO] [stdout]    |                                  ^^^^^^^^^^^^^^^^^
[INFO] [stdout] 
[INFO] [stdout] 
[INFO] [stdout] error: aborting due to previous error
[INFO] [stdout] 
[INFO] [stdout] 
[INFO] [stdout] For more information about this error, try `rustc --explain E0554`.
[INFO] [stdout] 
[INFO] [stderr] error: build failed
[INFO] running `Command { std: "docker" "inspect" "1f6ac6212fe4b266ef16c6d4cdf794e3b28c649e1b8ade7345919686bad978ad", kill_on_drop: false }`
[INFO] running `Command { std: "docker" "rm" "-f" "1f6ac6212fe4b266ef16c6d4cdf794e3b28c649e1b8ade7345919686bad978ad", kill_on_drop: false }`
[INFO] [stdout] 1f6ac6212fe4b266ef16c6d4cdf794e3b28c649e1b8ade7345919686bad978ad
